 + 5. Let c(z) = z**3 + 4*z**2 + 2*z - 2. Let w be c(-2). Suppose 0 = -3*s + 8 - w. Let q be s - (-4 + 4 + -4). Give m(q).
5
Suppose -2*n + n + 7 = 0. Let d(o) = o**2 - 8*o + 7. Give d(n).
0
Let g be ((66/24)/(-11))/((-3)/8). Let j(r) be the first derivative of 0*r + 10 - g*r**3 + 1/4*r**4 + 0*r**2. Give j(2).
0
Let h(v) = 4*v**2 + v + 1. Let k be (-44)/7 - (-12)/42. Let f be (-9)/(k - -3) + -22. Let p = -20 - f. Calculate h(p).
4
Let y(z) = z + 6. Suppose 4*j - 30 = 2*j - 4*b, 4*j + 4*b - 44 = 0. Suppose -j = -4*k - 27. Determine y(k).
1
Let f(v) = 3*v. Let y be f(-1). Let u(o) be the second derivative of o**6/180 + o**5/30 + 2*o**3/3 - o. Let j(g) be the second derivative of u(g). What is j(y)?
6
Let h(y) = -36*y - 398. Let j be h(-11). Let t(p) = -9*p**2 - p - 2. Determine t(j).
-36
Suppose -2 = 5*j - 6*j. Let i(a) = -12*a**2 - 7 - a - j*a**2 - a**3 + 7*a**2. Calculate i(-7).
0
Let o(v) be the third derivative of v**5/60 - v**4/2 - 11*v**3/2 - 3*v**2 + 62*v. Give o(14).
-5
Let k(z) = -2*z**3 - 2*z + 1. Let i(j) = j + 10. Let m be 3/2*(-5 - -3). Let h = m - 6. Let g be i(h). What is k(g)?
-3
Let w(l) = 4*l - 2*l + l - 6*l - 2. Give w(-4).
10
Let j(w) = w + 1. Let l(y) = 8*y. Let k(c) = -2*j(c) + l(c). What is k(-2)?
-14
Let n(w) = w**2 + 5*w + 4. Let b be ((-112)/(-10))/((-54)/15 - -4). Suppose u - 8 = -3*u. Suppose 3*r - 12 = 0, 2*j + b = -u*j + r. Calculate n(j).
10
Let i(t) = 6*t + 1. Let u(c) = 30*c + 6. Let a(k) = -11*i(k) + 2*u(k). Let v = -1 + 0. Give a(v).
7
Let z(x) be the second derivative of x**5/20 - 5*x**4/6 + 2*x**3 - 242*x. What is z(9)?
27
Let v(x) = x**3 - 2*x**2 + x + 2. Let j = -279 - -283. Give v(j).
38
Let p(b) = 4*b**2 - 9*b - 58. Let u be p(5). Let w(o) be the first derivative of -2*o**2 + o + 1. Determine w(u).
13
Let h(l) = -l - 9. Suppose -5*p = -4*m + 4, -m - 2*p + 7*p + 1 = 0. Suppose 2*d + 3*g = -0*d - 9, 0 = g - m. Give h(d).
-3
Let n be 24/42*(-7)/(-2). Let z be (-1)/(n/4 - 0). Let a(g) = -10*g - 3. Give a(z).
17
Let g(o) = -2*o + 3. Let s(f) = f**3 - 7*f**2 - 9*f - 2. Let z be s(8). Let l be 24/(-9)*(-15)/z. Give g(l).
11
Let h(m) = m - 15. Let j be h(-9). Let g be j*-6*3/24. Let z be -3*2/g*-9. Let k(b) = b**3 - 3*b**2 + 2*b + 1. Determine k(z).
7
Let o be 1/(2 - 11/5). Let u be (-5)/((-15)/6) - o. Let f(w) be the third derivative of -w**4/24 + 3*w**3/2 + 7*w**2 - 35*w. Calculate f(u).
2
Let z(i) be the third derivative of i**6/720 - i**5/120 + 7*i**4/8 + 9*i**2. Let j(r) be the second derivative of z(r). Calculate j(4).
3
Suppose 3*d - 8*d = 3*m - 10, 2*d = -2*m. Let b(l) = l**3 - 5*l**2 - 2*l. Determine b(d).
-10
Let a = 69 - 29. Suppose -b - 5 = 2*c, -3*c - a = -9*b + 4*b. Let l(k) be the first derivative of -k**2 - 5*k + 2. Determine l(c).
5
Let g(x) = 16*x - 11*x - 2 - 6*x. Suppose -4*a + 5*z = 5, 2*z - 3*z = -1. Let m be a/(-1 + 1 - -2). Calculate g(m).
-2
Let o(m) be the second derivative of 4*m**3/3 + 948*m. Suppose 0 = 2*p + 1 - 3. Give o(p).
8
Let t be (-180)/2*(-9)/9. Suppose 0 = -4*o - 22 - t. Let b = -27 - o. Let y(p) = 12*p**2 - 1. Give y(b).
11
Let o(k) be the second derivative of -k**4/12 - 2*k**3 - 17*k**2 - k + 47. Determine o(-7).
1
Let u(a) = -15*a - 1. Let y = -281 - -282. Calculate u(y).
-16
Let f(x) = -x**3 + 5*x**2 + 6*x - 7. Let q = 15 + 1. Suppose -12 = -18*p + q*p. What is f(p)?
-7
Let p be ((-1)/2 - 1)*66. Let l be p/(-18) + 1/(-2). Let n(u) = -3*u**2 - 8*u - 13. Let y(b) = -b**2 - 4*b - 6. Let h(q) = -2*n(q) + 5*y(q). What is h(l)?
1
Suppose 0 = -o - 2 + 29. Let p = 21 - o. Let n(b) be the second derivative of -b**5/20 - 5*b**4/12 + 5*b**3/6 + 5*b**2/2 + 2*b. What is n(p)?
11
Let r(p) = 11 + 3*p + 6 + 26 + p**2 - 48. Let h(y) = 2*y - 3*y**3 + 3 + 4*y**3 - 2*y**3 - 3*y**2. Let q be h(-2). Determine r(q).
5
Let n(m) be the second derivative of -7*m**5/120 - 13*m**3/6 - 30*m. Let t(b) be the second derivative of n(b). What is t(1)?
-7
Let q(s) = 2*s - 3. Let w(a) = -2 + 2 - 3 + a. Let o(r) = -2*q(r) + 3*w(r). Let c = -126 + 126. Determine o(c).
-3
Let k(c) = -8*c**2 + 3*c + 2. Let f(x) = -3*x**2 + x + 1. Let j(s) = -5*f(s) + 2*k(s). Determine j(-3).
-13
Let a = 38 - 22. Let f be ((-3)/2)/((-8)/a). Let g(c) = 3*c**f + 4 - 3*c**2 + 4*c**2 - 7*c**2 - 2*c - 2*c**3. Calculate g(6).
-8
Let m(h) = 2*h + 1. Suppose -4*z = -4*a - 12, z = -a - 3*a - 2. Suppose -3*k + d + 11 = -5, -z*d = k + 4. Suppose -4*i + 0 = k. Calculate m(i).
-1
Suppose -4*q = 2*g + 40, -13*g = -3*q - 16*g - 33. Let j(o) = -o**3 - 8*o**2 + 11*o + 11. Give j(q).
-7
Let b(i) = -6*i**3 + i - 1. Let c be b(1). Let u(d) be the third derivative of d**6/120 + d**5/12 - 5*d**4/24 + d**3 - 4*d**2 - 239. Calculate u(c).
0
Let i(z) = z**2 + 2. Let p be (-4)/18 + (-101)/(-9). Let y(t) be the first derivative of t**3/3 - 5*t**2 - 11*t + 30. Let b be y(p). What is i(b)?
2
Let t be (-4)/8 + 58/4. Suppose -t = -r - 0*r - 2*u, 0 = -5*r + 3*u + 18. Let l(b) be the first derivative of b**3/3 - 3*b**2 - 2*b + 16. Determine l(r).
-2
Let w = -17 + 19. Suppose w*a + 12 = 4*r - 0, 8 = -4*r - 3*a. Let u(d) be the second derivative of -2*d**4/3 + d**2/2 - d. Determine u(r).
-7
Suppose -4 = -2*w + p, -4*w - 4*p + 0 = -8. Let f(z) = -2*z**3 + z**2 - 2*z. Determine f(w).
-16
Let m(w) be the second derivative of -w**3/6 + 6*w**2 - w + 1. Determine m(6).
6
Let n(t) = t**3 - 15*t**2 - 2*t + 4. Let c(y) = 2*y**3 - 44*y**2 - 5*y + 10. Let b(p) = 3*c(p) - 8*n(p). What is b(-6)?
-8
Let n(k) = k**2 - 3*k - 3. Suppose -9*z = -4*z - 15. Suppose 2*v = z*v - 4. Calculate n(v).
1
Let w(d) = -9 + 129*d - 137*d + 8*d**2 - 9*d**2. Calculate w(-6).
3
Let t = -120 - -119. Let c(n) = 8*n**2 + 1. What is c(t)?
9
Let a(n) = n**3 + 7*n**2 + 5*n - 7. Let w be 5 - 1 - 168/18*-9. Suppose w = -13*i + 10. What is a(i)?
-1
Let i = -2 - -4. Let v(z) = -2*z**i + 6 + 3*z**2 + 2*z - 5. Let c = 400 - 403. Give v(c).
4
Let l(m) = -1. Let s(w) = 4*w - 26. Let z(k) = -5*l(k) + s(k). What is z(6)?
3
Suppose 28 = -2*b + 22. Let n(u) = 5*u**2 + 2*u - 5. What is n(b)?
34
Let h(s) = s**3 + 5*s**2 + 11*s**2 + 14 + 0*s**2 + 20*s - 5*s**2. Calculate h(-9).
-4
Let h(i) = 1 + 7*i**2 - 2*i**3 + i**3 - 3*i**2. Let f(j) be the second derivative of j**4/12 - 11*j**3/6 + 3*j**2/2 - 5*j. Let n be f(11). Determine h(n).
10
Let c(a) be the second derivative of a**5/20 + 3*a**4/4 + a**3/3 + 11*a**2/2 - 104*a. Calculate c(-9).
-7
Let a(h) = 0*h - 3*h + 0*h. Suppose 2*i + 36 = 6*i. Let c = -6 + i. Determine a(c).
-9
Let j(q) = 19*q - 24*q + 3 - 9. Determine j(-7).
29
Suppose 0 = -32*d - 251 - 37. Let k(w) = w + 12. What is k(d)?
3
Let l be (12/(-63))/2 - 749/(-147). Let u(w) = -5*w + 12. Give u(l).
-13
Let y(p) = -3*p - 23. Let o(c) = c + 8. Let m(i) = 17*o(i) + 6*y(i). Let v be 1496/153 - 2/(-9). Let l be ((-8)/(-6))/(v/(-30)). Give m(l).
2
Let m(t) = -18*t**3 - 6*t**2 - 6*t + 3. Let a(d) = -d**3 + d**2 + d - 1. Let x(i) = -4*a(i) - m(i). Let n = -3 - -2. Determine x(n).
-21
Let m(k) = k**2 - 7*k + 9. Let d = 55 + -40. Suppose 5*c - d = 15. Determine m(c).
3
Let o(m) be the third derivative of m**8/4032 - m**6/720 + m**5/12 + 12*m**2. Let y(l) be the third derivative of o(l). Determine y(1).
4
Let p(m) = m**2 + 7*m - 8. Let i be ((-14)/28)/(2/36) + 2. Give p(i).
-8
Let j(f) = f**3 + f. Let m(v) = 4*v**3 - 4*v**2 - 4*v - 1. Let d be (-12 + 13)/(1/3). Let b(i) = d*j(i) - m(i). Determine b(5).
11
Suppose 4*n - 15 = 13. Suppose n*t = 6*t - 4. Let l(c) be the third derivative of -c**6/120 - c**5/12 - 5*c**4/24 - c**3/3 - 12*c**2. Determine l(t).
2
Let y(p) be the first derivative of -p**6/120 + p**5/10 + p**4/24 + 7*p**3/6 + 12*p**2 - 10. Let x(i) be the second derivative of y(i). What is x(6)?
13
Let w(z) = 0 + 33962*z - 4 - 8*z**2 - 33965*z + 2. What is w(-1)?
-7
Suppose -12 = -6*a + 2*a. Let q be (182/(-12))/(-7) - (-3)/(-18). Let y(u) = -1 + a + u**2 - 4 - q*u. What is y(4)?
6
Let s(n) = -2*n - 176. Let i be s(-85). Let p(t) be the third derivative of -t**4/24 - 2*t**3/3 - t**2. What is p(i)?
2
Suppose -32 = -13*z + 5*z. Let g(t) = -11*t**3 - 11*t**2 + 10*t + 1. Let b(q) = -13*q**3 - 12*q**2 + 11*q + 1. Let l(y) = 6*b(y) - 7*g(y). Determine l(z).
-1
Suppose 0 = -2*f + 4*b + b - 31, 5*b - 87 = 4*f. Let c = f - -23. Let z(h) = -2 + 2*h - 4*h - 4. What is z(c)?
4
Let w(m) = -2*m**3 - 13*m**2 + 7. Suppose